{"id":345,"date":"2024-07-12T12:55:41","date_gmt":"2024-07-12T10:55:41","guid":{"rendered":"https:\/\/matkyvbehu.cz\/?page_id=345"},"modified":"2025-11-04T08:57:09","modified_gmt":"2025-11-04T07:57:09","slug":"4-trikralovy-beh-pro-natalku","status":"publish","type":"page","link":"http:\/\/matkyvbehu.cz\/","title":{"rendered":"4.T\u0159\u00edkr\u00e1lov\u00fd b\u011bh pro Nat\u00e1lku 4.1.2025"},"content":{"rendered":"\n<div class=\"wp-block-image\"><figure class=\"alignleft size-medium\"><img loading=\"lazy\" width=\"300\" height=\"200\" src=\"http:\/\/matkyvbehu.cz\/wp-content\/uploads\/2025\/11\/FEDSC_0065-1-300x200.jpg\" alt=\"\" class=\"wp-image-399\" srcset=\"http:\/\/matkyvbehu.cz\/wp-content\/uploads\/2025\/11\/FEDSC_0065-1-300x200.jpg 300w, http:\/\/matkyvbehu.cz\/wp-content\/uploads\/2025\/11\/FEDSC_0065-1-1024x683.jpg 1024w, http:\/\/matkyvbehu.cz\/wp-content\/uploads\/2025\/11\/FEDSC_0065-1-768x512.jpg 768w, http:\/\/matkyvbehu.cz\/wp-content\/uploads\/2025\/11\/FEDSC_0065-1-1536x1024.jpg 1536w, http:\/\/matkyvbehu.cz\/wp-content\/uploads\/2025\/11\/FEDSC_0065-1-2048x1366.jpg 2048w\" sizes=\"(max-width: 300px) 100vw, 300px\" \/><\/figure><\/div>\n\n\n\n<div class=\"wp-block-columns\">\n<div class=\"wp-block-column\" style=\"flex-basis:66.66%\">\n<p>Lidi zlat\u00fd, toto uteklo\u2026 je to jen p\u00e1r t\u00fddn\u016f, kdy jsem se doj\u00edmala nad propr\u0161en\u00fdm, ale i tak \u00fasp\u011b\u0161n\u00fdm a rozj\u00e1san\u00fdm 3.T\u0159\u00edkr\u00e1lov\u00fdm b\u011bhem pro Maty\u00e1\u0161e a najednou u\u017e je tady Nat\u00e1lka a s n\u00ed neskute\u010dn\u00e1 spousta lid\u00ed. \u017de tomu nerozum\u00edte? Tak to j\u00e1 se s radost\u00ed pod\u011bl\u00edm.<\/p>\n\n\n\n<p>V sobotu 4.1.2025 toti\u017e prob\u011bhl na fotbalov\u00e9m h\u0159i\u0161ti v Pr\u00e1\u010d\u00edch tradi\u010dn\u00ed T\u0159\u00edkr\u00e1lov\u00fd b\u011bh. Mysl\u00edm, \u017ee doopravdy mohu pou\u017e\u00edt v\u00fdraz tradi\u010dn\u00ed, proto\u017ee u\u017e to byl 4.ro\u010dn\u00edk. A letos pod n\u00e1zvem: 4.T\u0159\u00edkr\u00e1lov\u00fd b\u011bh neb\u011bh pro Nat\u00e1lku. Letos jsme do n\u00e1zvu propa\u0161ovali slovo \u201eneb\u011bh\u201c, proto\u017ee to skute\u010dn\u011b nen\u00ed jen o b\u011bhu a radosti z pohybu, ale je to hlavn\u011b o tom se sej\u00edt, posd\u00edlet sv\u00e1 otev\u0159en\u00e1 srdce a \u2026 pro\u010d to ne\u0159\u00edct na rovinu \u2026.. a prov\u011btrat sv\u00e9 pen\u011b\u017eenky pro d\u00edtko, se kter\u00fdm se zdravotn\u00ed stav fakt nemazlil. Nat\u00e1lka je dev\u00edtilet\u00e1 sle\u010dna, kter\u00e1 ve sv\u00e9m velk\u00e9m ko\u010d\u00e1rku vypad\u00e1 jako princezna. Ale z ko\u010d\u00e1rku sama vysko\u010dit, ani vystoupit nem\u016f\u017ee, nem\u016f\u017ee ani chodit, ani l\u00e9zt, nem\u016f\u017ee si s n\u00e1mi vlastn\u011b ani popov\u00eddat (jen trochu znakovat) a nem\u016f\u017ee spoustu dal\u0161\u00edch v\u011bc\u00ed. Ale je to bojovnice a my j\u00ed chceme pomoci. A s n\u00e1mi velik\u00e1 spousta lid\u00ed.<\/p>\n\n\n\n<p>V sobotu r\u00e1no n\u00e1s nejd\u0159\u00edve p\u0159iv\u00edtalo lehce mraziv\u00e9 po\u010das\u00ed, proto\u017ee bylo p\u00e1s stup\u0148\u016f pod nulou. Jako bonus k tomu ale byla modr\u00e1 obloha a sv\u00edtilo slun\u00ed\u010dko. Modr\u00e1 obloha sice nevydr\u017eela cel\u00fd den, ale co bychom cht\u011bli v lednu. V\u0161echny p\u0159\u00edpravn\u00e9 pr\u00e1ce u\u017e m\u00e1me docela natr\u00e9novan\u00e9, tak\u017ee vedle h\u0159i\u0161t\u011b rychle rostly stanov\u00e9 p\u0159\u00edst\u0159e\u0161ky, kter\u00e9 se plnily v\u00e1rnicemi s gul\u00e1\u0161em, se spoustou kol\u00e1\u010dk\u016f, buchet, s tepl\u00fdmi n\u00e1poji a letos dokonce i s par\u00e1dn\u00edmi \u010derstv\u011b p\u0159ipravovan\u00fdmi pala\u010dinkami. Ale nejd\u016fle\u017eit\u011bj\u0161\u00ed byl stan ur\u010den\u00fd pro registrace. Tam se d\u011bly neskute\u010dn\u00e9 v\u011bci. Z\u00e1stup d\u011btsk\u00fdch a dosp\u011bl\u00fdch b\u011b\u017ec\u016f toti\u017e n\u011bjak nebral konce. Dokonce n\u00e1m pro p\u00e1r dosp\u011bl\u00fdch b\u011b\u017ec\u016f do\u0161la startovn\u00ed \u010d\u00edsla!!! A to jsme jich m\u011bli 300 kus\u016f! Na hlavn\u00ed z\u00e1vod se n\u00e1m p\u0159ihl\u00e1silo ne\u010dekan\u00fdch 304 b\u011b\u017ec\u016f. A v d\u011btsk\u00fdch z\u00e1vodech bylo 77 d\u011bt\u00ed. To jsou skute\u010dn\u011b \u00factyhodn\u00e1 \u010d\u00edsla a m\u011bli jsme z nich fakt velikou radost. Krom\u011b toho bylo i spousta neb\u011b\u017ec\u016f, kte\u0159\u00ed si \u0161li trasu hlavn\u00edho z\u00e1vodu proj\u00edt proch\u00e1zkou.<\/p>\n\n\n\n<p>Zah\u00e1jen\u00ed pat\u0159ilo op\u011bt d\u011btsk\u00fdm z\u00e1vod\u016fm. M\u00e1m z nich v\u00e1\u017en\u011b velikou radost. Je super pozorovat, jak se d\u011bti stav\u00ed do startovn\u00ed br\u00e1ny a jak jsou rozechv\u011bl\u00e9 a nat\u011b\u0161en\u00e9. A jak um\u00ed b\u011bhat. A dokonce kdy\u017e chv\u00edli po startu jedna hol\u010di\u010dka zakopla a spadla, a i p\u0159es povzbuzov\u00e1n\u00ed rodi\u010d\u016f a n\u00e1s v\u0161ech ostatn\u00edch to vypadalo, \u017ee to s pl\u00e1\u010dem vzd\u00e1, tak se nakonec zvedla, ut\u0159ela p\u00e1r slzi\u010dek a znovu se rozb\u011bhla. A zabojovala tak, \u017ee ty posledn\u00ed d\u011bti dohnala. P\u0159i vyhla\u0161ov\u00e1n\u00ed a oce\u0148ov\u00e1n\u00ed v\u00edt\u011bz\u016f d\u011btsk\u00fdch kategori\u00ed jsme ji tak\u00e9 vyvolali na stupn\u011b v\u00edt\u011bz\u016f a ocenili ji, proto\u017ee nejd\u016fle\u017eit\u011bj\u0161\u00ed je se nevzdat. A plat\u00ed to nejen ve sportu, ale i v \u017eivot\u011b.<\/p>\n\n\n\n<p>Kdy\u017e pak p\u0159ed vypuknut\u00edm hlavn\u00edho z\u00e1vodu prob\u00edhala rozcvi\u010dka s hudebn\u00edm doprovodem, tak jsem se na chv\u00edli zastavila a jen se rozhl\u00ed\u017eela kolem sebe. Byl to zvl\u00e1\u0161tn\u00ed okam\u017eik, proto\u017ee p\u0159es ten ve\u0161ker\u00fd pohyb se sv\u011bt n\u00e1hle zastavil a nad hlavami v\u0161ech lid\u00ed se vzn\u00e1\u0161el takov\u00fd jemn\u00fd zlatav\u00fd pel. P\u0159\u00edsah\u00e1m. A nebyl to odlesk slunce, proto\u017ee bylo u\u017e n\u011bjakou dobu zata\u017eeno. Bylo to fakt zvl\u00e1\u0161tn\u00ed a nepopsateln\u00e9, ale bylo mi jasn\u00e9, \u017ee v tu chv\u00edli bylo v\u0161em na tomto h\u0159i\u0161ti naprosto blaze. A tak\u00e9 to byl p\u0159\u00edslib kr\u00e1sn\u00e9 a poveden\u00e9 akce.<\/p>\n\n\n\n<p>Pak n\u00e1m starosta Znojma p.Franti\u0161ek Koudela odstartoval hlavn\u00ed z\u00e1vod a j\u00e1 zasn\u011bn\u011b sledovala t\u011bch 304 b\u011b\u017ec\u016f, jak s \u00fasm\u011bvem prob\u00edhaj\u00ed startovac\u00ed br\u00e1nou. Vz\u00e1p\u011bt\u00ed po nich vyrazili ti, kte\u0159\u00ed si trasu \u0161li proj\u00edt proch\u00e1zkou. A pak jsme odstartovali speci\u00e1ln\u00ed krat\u0161\u00ed z\u00e1vod pro d\u011bti z klubu sdru\u017euj\u00edc\u00edho rodiny a d\u011bti s autismem \u201eBu\u010fme v tom spolu\u201c. Ufff\u2026 a te\u010f nastala chvilka na vydechnut\u00ed a srovn\u00e1n\u00ed emoc\u00ed. Ale jen krati\u010dk\u00e1 chvilka, proto\u017ee u\u017e se k n\u00e1m \u0159\u00edt\u00ed nejrychlej\u0161\u00ed b\u011b\u017eec. A to vypad\u00e1 na dal\u0161\u00ed tradici, proto\u017ee Vojta \u010cabala zase nem\u011bl p\u0159emo\u017eitele. My jsme si Vojtov\u00fdm v\u00edt\u011bzstv\u00edm byly p\u0159edem jist\u00e9, tak\u017ee jsme pro n\u011bj nachystali dal\u0161\u00ed kuli\u0161\u00e1rnu. Kus p\u0159ed c\u00edlem na n\u011bj \u010dekal kotou\u010d napln\u011bn\u00fd d\u0159evem, kter\u00e9 hl\u00eddal mal\u00fd ka\u0161p\u00e1rek se vzkazem, aby byl Vojta tak hodn\u00fd a dovezl ho do c\u00edle. A proto\u017ee Vojta nezkaz\u00ed \u017e\u00e1dnou legraci, do c\u00edle ho s \u00fasm\u011bvem dovezl. D\u00edky Vojto. Jen jsem zv\u011bdav\u00e1, co se stane, a\u017e jednou Vojtu n\u011bkdo poraz\u00ed (a v\u016fbec to nechci p\u0159ivol\u00e1vat). Kdo v\u00ed, p\u0159istoup\u00ed pak ten nov\u00fd nejrychlej\u0161\u00ed b\u011b\u017eec na na\u0161e legr\u00e1cky?<\/p>\n\n\n\n<p>Pot\u00e9, co dob\u011bhl posledn\u00ed b\u011b\u017eec a dorazili posledn\u00ed \u00fa\u010dastn\u00edci proch\u00e1zky, prob\u011bhlo slavnostn\u00ed vyhl\u00e1\u0161en\u00ed v\u00edt\u011bz\u016f. D\u00edky sponzor\u016fm m\u016f\u017eeme p\u0159ed\u00e1vat nejen kr\u00e1sn\u00e9 v\u011bcn\u00e9 d\u00e1re\u010dky, ale i kr\u00e1sn\u00e9 medaile. A letos se n\u00e1s se\u0161ly medaile dvoj\u00ed, proto\u017ee rodi\u010de Nat\u00e1lky nechali ud\u011blat n\u00e1dhern\u00e9 d\u0159ev\u011bn\u00e9 medaile, ze kter\u00fdch se usm\u00edvala Nat\u00e1lka. A kdy\u017e jsme u t\u011bch medail\u00ed, tak d\u011bti, kter\u00e9 b\u011b\u017eely, dostaly medaile \u00fapln\u011b v\u0161echny.<\/p>\n\n\n\n<p>A pak nastala ta \u00fapln\u011b nejd\u016fle\u017eit\u011bj\u0161\u00ed chv\u00edle. Chv\u00edle, kv\u016fli kter\u00e9 jsme se tady vlastn\u011b se\u0161li. Jen j\u00e1 te\u010f m\u00e1m velik\u00fd probl\u00e9m, jak to napsat, proto\u017ee na n\u011bco takov\u00e9ho neexistuj\u00ed slova. Lo\u0148sk\u00fdch 203 951 K\u010d n\u00e1m tehdy v\u0161em podlomilo kolena a \u0159\u00edkali jsme, \u017ee to nejde popsat, \u017ee se to mus\u00ed za\u017e\u00edt. Tak jak j\u00e1 te\u010f m\u00e1m popsat emoce z leto\u0161n\u00ed \u010d\u00e1stky\u2026?? Tak\u017ee se rad\u011bji n\u011b\u010deho podr\u017ete a te\u010f u\u017e bez dal\u0161\u00edch kec\u016f \u2013 vybralo se <strong><em>278.000<\/em><\/strong> <strong><em>K\u010d<\/em><\/strong>. Dal\u0161\u00ed okam\u017eiky m\u00e1m lehce zast\u0159en\u00e9 emo\u010dn\u00ed mlhou, ale v\u00edm, \u017ee v\u0161em z\u00e1\u0159ila o\u010dka a spousta lid\u00ed vytahovala kapesn\u00edky (a ne, r\u00fdmu nem\u011bli). Rodi\u010de Nat\u00e1lky to ust\u00e1li, i kdy\u017e maminka toho mysl\u00edm moc nezvl\u00e1dala \u0159\u00edci a v\u016fbec se j\u00ed nediv\u00edm. Tat\u00ednek se ujal mikrofonu, ale nev\u00edm, co \u0159\u00edkal. J\u00e1 sledovala jen jeho vlhk\u00e9 z\u00e1\u0159\u00edc\u00ed o\u010di, a to mluvilo za v\u0161e. Jak odezn\u011bla prvn\u00ed vlna emoc\u00ed, tak p\u0159i\u0161la je\u0161t\u011b druh\u00e1. A ta hlavn\u011b n\u00e1m, Matk\u00e1m v b\u011bhu, dala zabrat snad je\u0161t\u011b v\u00edc. Ke stup\u0148\u016fm v\u00edt\u011bz\u016f p\u0159i\u0161li k Nat\u00e1lce a jej\u00edm rodi\u010d\u016fm je\u0161t\u011b na\u0161i hrdinov\u00e9 z p\u0159edchoz\u00edch dvou ro\u010dn\u00edk\u016f. A tak jsme m\u011bli pohromad\u011b Lucinku s rodi\u010di z 1.t\u0159\u00edkr\u00e1lov\u00e9ho b\u011bhu, Maty\u00e1\u0161e s rodi\u010di ze 3.t\u0159\u00edkr\u00e1lov\u00e9 b\u011bhu a leto\u0161n\u00ed Nat\u00e1lku. Vypadali tam jako skute\u010dn\u00ed t\u0159i kr\u00e1lov\u00e9, kte\u0159\u00ed n\u00e1m ostatn\u00edm p\u0159inesli spoustu radosti, laskavosti a nezi\u0161tn\u00e9 pomoci. Tak a te\u010f u\u017e jsou slzy povoleny pro v\u0161echny, i pro v\u00e1s co to \u010dtete.<\/p>\n\n\n\n<p>U\u017e jste si ut\u0159eli o\u010di? Je\u0161t\u011b bych toti\u017e r\u00e1da p\u00e1r v\u011bt dodala. Cel\u00e9 odpoledne n\u00e1s k tomu hudbou t\u011b\u0161ili a bavili \u00fa\u017easn\u00ed Cauliflower Band (op\u011bt si za to nevzali ani korunu). U\u017e jsem taky zm\u00ednila, \u017ee letos na posledn\u00ed chv\u00edli chyb\u011bl moder\u00e1tor Petr \u0160vacara. A to byl pr\u016f\u0161vih. Ale i tento k\u00e1men pak spadl ze srdce, proto\u017ee tuto t\u011b\u017ekou moder\u00e1torskou v\u00fdzvu p\u0159ijal Pino Stola. Nesly\u0161eli jste o n\u011bm? J\u00e1 p\u0159ed t\u00edm tak\u00e9 ne. Vlastn\u011b v\u016fbec nev\u00edm, co norm\u00e1ln\u011b tento mlad\u00fd mu\u017e d\u011bl\u00e1. Ale odmoderovat tuto akci zvl\u00e1dl perfektn\u011b. Na za\u010d\u00e1tku byl rozechv\u011bl\u00fd a bylo jasn\u00e9, \u017ee m\u00e1 tr\u00e9mu. Ale s ka\u017ed\u00fdm slovem byl jeho hlas siln\u011bj\u0161\u00ed a \u00fasm\u011bv ve tv\u00e1\u0159i jist\u011bj\u0161\u00ed. A k tomu v\u0161emu p\u0159ijal i v\u00fdzvu k b\u011bhu a z\u00fa\u010dastnil se hlavn\u00edho z\u00e1vodu. Moc d\u00edky, Pino Stola. Byl jsi \u00fa\u017easn\u00fd \u010dlen na\u0161eho t\u00fdmu (jin\u00fdmi slovy \u2013 stala se z tebe Matka v b\u011bhu). Tradi\u010dn\u011b chci tak\u00e9 moc pod\u011bkovat kluk\u016fm z <strong><em>FK Pr\u00e1\u010de<\/em><\/strong>, kte\u0159\u00ed n\u00e1m p\u016fj\u010dili svoje fotbalov\u00e9 h\u0159i\u0161t\u011b a z\u00e1zem\u00ed. A velk\u00fd d\u00edk pat\u0159\u00ed i dobrovoln\u00fdm hasi\u010d\u016fm z <strong><em>SDH Pr\u00e1\u010de<\/em><\/strong> a <strong><em>obec Pr\u00e1\u010de<\/em><\/strong>, kte\u0159\u00ed zaji\u0161\u0165ovali bezpe\u010dnost na trati a organizovali parkov\u00e1n\u00ed. A te\u010f bych v d\u011bkova\u010dce m\u011bla je\u0161t\u011b dlouho pokra\u010dovat, proto\u017ee je\u0161t\u011b m\u00e1me spoustu sponzor\u016f, bez kter\u00fdch by to nebylo ono a tak\u00e9 spoustu dobrovoln\u00edk\u016f, kte\u0159\u00ed n\u00e1m pom\u00e1hali. V\u0161em jsme pod\u011bkovali osobn\u011b a v\u011b\u0159\u00edm, \u017ee oni ur\u010dit\u011b pochop\u00ed, kdy\u017e je tady jmenovit\u011b nezm\u00edn\u00edm.<\/p>\n\n\n\n<p>Na z\u00e1v\u011br pod\u011bkov\u00e1n\u00ed v\u00e1m v\u0161em, kte\u0159\u00ed jste se jakkoliv z\u00fa\u010dastnili, nebo p\u0159isp\u011bli i sebemen\u0161\u00ed \u010d\u00e1stkou. M\u00e1me v\u00e1s r\u00e1di. A spole\u010dn\u011b s v\u00e1mi se budeme t\u011b\u0161it na dal\u0161\u00ed ro\u010dn\u00edk T\u0159\u00edkr\u00e1lov\u00e9ho b\u011bhu.<\/p>\n\n\n\n<h2>Nat\u00e1lka Benov\u00e1<\/h2>\n\n\n\n<p>Dovolte, abych V\u00e1m p\u0159edstavila dev\u00edtiletou sle\u010dnu, kter\u00e9 bude ur\u010den v\u00fdt\u011b\u017eek ze \u010dtvrt\u00e9ho ro\u010dn\u00edku T\u0159\u00edkr\u00e1lov\u00e9ho b\u011bhu . Jmenuje se Nat\u00e1lka Benov\u00e1. Doma m\u00e1 star\u0161\u00edho br\u00e1chu Vojtu, miluj\u00edc\u00ed maminku Petru a pracovit\u00e9ho tat\u00ednka Pavla. Spole\u010dn\u011b s prarodi\u010di bydl\u00ed v \u0159adov\u00e9m dom\u011b ve Znojm\u011b. Ka\u017ed\u00fd den jezd\u00ed do speci\u00e1ln\u00ed \u0161koly v Moravsk\u00e9m Krumlov\u011b, kde se nau\u010dila spoustu nov\u00e9ho. Mluven\u00ed j\u00ed zat\u00edm nejde, tak zkou\u0161\u00ed znakovat. Je vesel\u00e1 a moc r\u00e1da jezd\u00ed na kon\u00edch. <\/p>\n\n\n\n<p>U\u017e od vyklub\u00e1n\u00ed se na sv\u011bt m\u011bla chu\u0165 \u017e\u00edt naplno, ale p\u00e1r m\u011bs\u00edc\u016f po narozen\u00ed se dostavily prvn\u00ed zdravotn\u00ed probl\u00e9my. Po narozen\u00ed se Nat\u00e1lka jevila jako zdrav\u00e9 d\u00edt\u011b. Porod prob\u011bhl bez komplikac\u00ed a v\u010dichni se radovali z kr\u00e1sn\u00e9 hol\u010di\u010dky. Mezi 3. a 4. m\u011bs\u00edcem se dostavily komplikace. Nat\u00e1lka byla pla\u010dtiv\u00e1 a neprosp\u00edvala. V roce j\u00ed byla diagnostikovan\u00e1 d\u011btsk\u00e1 mozkov\u00e1 obrna. Po nov\u00fdch genetick\u00fdch vy\u0161et\u0159en\u00edch se uk\u00e1zalo, \u017ee m\u00e1 ned\u00e1vno nalezenou genetickou mutaci Gnao1. Nat\u00e1lka m\u00e1 pohybov\u00e9 probl\u00e9my, kv\u016fli kter\u00fdm je upout\u00e1na na invalidn\u00ed voz\u00ed\u010dek a je z\u00e1visl\u00e1 na nep\u0159etr\u017eit\u00e9 pomoci druh\u00fdch. P\u0159idru\u017eenou nemoc\u00ed je epilepsie. D\u00edky rehabilitac\u00edm, l\u00e9\u010debn\u00fdm pobyt\u016fm a jej\u00ed v\u016fli se zdokonalovat d\u011bl\u00e1 velk\u00e9 pokroky. <\/p>\n\n\n\n<p>C\u00edlem je postavit Nat\u00e1lku na vlastn\u00ed nohy a za\u0159\u00eddit, aby jednou byla co nejv\u00edce samostatn\u00e1. Finan\u010dn\u00ed dar by byl pou\u017eit na koupi speci\u00e1ln\u00ed \u017eidli\u010dky, kter\u00e1 stoj\u00ed cca 70 tis\u00edc korun a financov\u00e1n\u00ed rehabilita\u010dn\u00edho cvi\u010den\u00ed v Brn\u011b, na kter\u00e9 je pot\u0159eba pravideln\u011b doj\u00ed\u017ed\u011bt nebo intenzivn\u00ed rehabilita\u010dn\u00ed pobyt v l\u00e1zn\u00edch na Slovensku. Jsme vd\u011b\u010dn\u00ed spolku Matky v b\u011bhu, \u017ee si pro tuto kr\u00e1snou charitativn\u00ed akci vybrali pr\u00e1v\u011b na\u0161i bojovnici. Nat\u00e1l\u010dina nemoc ovliv\u0148uje chod cel\u00e9 rodiny a p\u00e9\u010de je kolikr\u00e1t velmi bolestiv\u00e1 i na du\u0161i. <\/p>\n\n\n\n<p>T\u0159\u00edkr\u00e1lov\u00fd b\u011bh je akce, kter\u00e1 spojuje lidi. N\u011bkte\u0159\u00ed mus\u00ed p\u0159ekonat sami sebe a vyb\u011bhnout, n\u011bkdy je pot\u0159eba s nad\u0161en\u00edm p\u0159ekonat i nep\u0159\u00edze\u0148 po\u010das\u00ed. Smek\u00e1m p\u0159ed v\u0161emi, kte\u0159\u00ed p\u0159i\u0161li na minul\u00fd ro\u010dn\u00edk a porvali se s de\u0161t\u011bm . Stejn\u011b tak bojuje ka\u017ed\u00fd den Nat\u00e1lka. A my jsme moc py\u0161n\u00ed, jak state\u010dn\u011b se pere s nep\u0159\u00edzn\u00ed osudu.<\/p>\n\n\n\n<p>Proto, pros\u00edm, p\u0159ijm\u011bte pozv\u00e1n\u00ed na kr\u00e1snou akci, kter\u00e1 d\u00e1v\u00e1 smysl. Bude se konat op\u011bt na fotbalov\u00e9m h\u0159i\u0161ti v Pr\u00e1\u010d\u00edch, 4.1.2025. <\/p>\n\n\n\n<p>PS: B\u011bh nen\u00ed podm\u00ednkou<\/p>\n\n\n\n<p>Tamara K\u016frov\u00e1  ( rodinn\u00e1 p\u0159\u00edtelkyn\u011b) a Petra Benov\u00e1, maminka Nat\u00e1lky<\/p>\n\n\n\n<p><\/p>\n\n\n\n<figure class=\"wp-block-image size-full\"><img loading=\"lazy\" width=\"350\" height=\"350\" src=\"https:\/\/matkyvbehu.cz\/wp-content\/uploads\/2024\/07\/QRPlatba_na_ucet_2902815865.png\" alt=\"\" class=\"wp-image-347\" srcset=\"http:\/\/matkyvbehu.cz\/wp-content\/uploads\/2024\/07\/QRPlatba_na_ucet_2902815865.png 350w, http:\/\/matkyvbehu.cz\/wp-content\/uploads\/2024\/07\/QRPlatba_na_ucet_2902815865-300x300.png 300w, http:\/\/matkyvbehu.cz\/wp-content\/uploads\/2024\/07\/QRPlatba_na_ucet_2902815865-150x150.png 150w, http:\/\/matkyvbehu.cz\/wp-content\/uploads\/2024\/07\/QRPlatba_na_ucet_2902815865-100x100.png 100w\" sizes=\"(max-width: 350px) 100vw, 350px\" \/><\/figure>\n<\/div>\n\n\n\n<div class=\"wp-block-column\" style=\"flex-basis:33.33%\">\n<figure class=\"wp-block-image size-large\"><img loading=\"lazy\" width=\"1024\" height=\"683\" src=\"http:\/\/matkyvbehu.cz\/wp-content\/uploads\/2025\/11\/EDSC_9825-1024x683.jpg\" alt=\"\" class=\"wp-image-402\" srcset=\"http:\/\/matkyvbehu.cz\/wp-content\/uploads\/2025\/11\/EDSC_9825-1024x683.jpg 1024w, http:\/\/matkyvbehu.cz\/wp-content\/uploads\/2025\/11\/EDSC_9825-300x200.jpg 300w, http:\/\/matkyvbehu.cz\/wp-content\/uploads\/2025\/11\/EDSC_9825-768x512.jpg 768w, http:\/\/matkyvbehu.cz\/wp-content\/uploads\/2025\/11\/EDSC_9825-1536x1024.jpg 1536w, http:\/\/matkyvbehu.cz\/wp-content\/uploads\/2025\/11\/EDSC_9825-2048x1366.jpg 2048w\" sizes=\"(max-width: 1024px) 100vw, 1024px\" \/><figcaption>t\u011bsn\u011b p\u0159ed startem <\/figcaption><\/figure>\n\n\n\n<p><\/p>\n<\/div>\n<\/div>\n\n\n\n<p>T\u011b\u0161\u00edme se na v\u00e1s za ka\u017ed\u00e9ho po\u010das\u00ed, 4.1.2025 na fotbalov\u00e9m h\u0159i\u0161ti v Pr\u00e1\u010d\u00edch. Va\u0161e Matky v b\u011bhu<\/p>\n\n\n\n<p><\/p>\n","protected":false},"excerpt":{"rendered":"<p>Lidi zlat\u00fd, toto uteklo\u2026 je to jen p\u00e1r t\u00fddn\u016f, kdy jsem se doj\u00edmala nad propr\u0161en\u00fdm, ale i tak \u00fasp\u011b\u0161n\u00fdm a rozj\u00e1san\u00fdm 3.T\u0159\u00edkr\u00e1lov\u00fdm b\u011bhem pro Maty\u00e1\u0161e a najednou u\u017e je tady Nat\u00e1lka a s n\u00ed neskute\u010dn\u00e1 spousta lid\u00ed. \u017de tomu nerozum\u00edte? Tak to j\u00e1 se s radost\u00ed pod\u011bl\u00edm. V sobotu 4.1.2025 toti\u017e prob\u011bhl na fotbalov\u00e9m h\u0159i\u0161ti &hellip; <\/p>\n<div class=\"link-more text-center\"><a href=\"http:\/\/matkyvbehu.cz\/\" class=\"more-link py-2 px-4\">Read More<span class=\"screen-reader-text\"> &#8222;4.T\u0159\u00edkr\u00e1lov\u00fd b\u011bh pro Nat\u00e1lku 4.1.2025&#8220;<\/span><\/a><\/div>\n","protected":false},"author":2,"featured_media":0,"parent":0,"menu_order":1,"comment_status":"closed","ping_status":"closed","template":"","meta":[],"_links":{"self":[{"href":"http:\/\/matkyvbehu.cz\/index.php?rest_route=\/wp\/v2\/pages\/345"}],"collection":[{"href":"http:\/\/matkyvbehu.cz\/index.php?rest_route=\/wp\/v2\/pages"}],"about":[{"href":"http:\/\/matkyvbehu.cz\/index.php?rest_route=\/wp\/v2\/types\/page"}],"author":[{"embeddable":true,"href":"http:\/\/matkyvbehu.cz\/index.php?rest_route=\/wp\/v2\/users\/2"}],"replies":[{"embeddable":true,"href":"http:\/\/matkyvbehu.cz\/index.php?rest_route=%2Fwp%2Fv2%2Fcomments&post=345"}],"version-history":[{"count":6,"href":"http:\/\/matkyvbehu.cz\/index.php?rest_route=\/wp\/v2\/pages\/345\/revisions"}],"predecessor-version":[{"id":403,"href":"http:\/\/matkyvbehu.cz\/index.php?rest_route=\/wp\/v2\/pages\/345\/revisions\/403"}],"wp:attachment":[{"href":"http:\/\/matkyvbehu.cz\/index.php?rest_route=%2Fwp%2Fv2%2Fmedia&parent=345"}],"curies":[{"name":"wp","href":"https:\/\/api.w.org\/{rel}","templated":true}]}}